{"id":5,"date":"2017-09-06T15:53:32","date_gmt":"2017-09-06T15:53:32","guid":{"rendered":"https:\/\/gsgieboldehausen.wordpress.com\/?page_id=2"},"modified":"2025-06-03T06:30:15","modified_gmt":"2025-06-03T06:30:15","slug":"ueber","status":"publish","type":"page","link":"https:\/\/grundschule-gieboldehausen.de\/?page_id=5","title":{"rendered":"\u00dcber uns"},"content":{"rendered":"\n<p><a href=\"https:\/\/grundschule-gieboldehausen.de\/?page_id=8\">Schulanmeldung 2026\/27<\/a> | <a href=\"https:\/\/grundschule-gieboldehausen.de\/?page_id=789\">Sch\u00fclerb\u00fccherei<\/a> | Schulelternrat<\/p>\n\n\n\n<div class=\"wp-block-media-text alignwide is-stacked-on-mobile\" style=\"grid-template-columns:42% auto\"><figure class=\"wp-block-media-text__media\"><img loading=\"lazy\" decoding=\"async\" width=\"700\" height=\"933\" src=\"https:\/\/grundschule-gieboldehausen.de\/wp-content\/uploads\/2019\/10\/IMG_7602-2-700x933.jpg\" alt=\"\" class=\"wp-image-346 size-full\" srcset=\"https:\/\/grundschule-gieboldehausen.de\/wp-content\/uploads\/2019\/10\/IMG_7602-2-700x933.jpg 700w, https:\/\/grundschule-gieboldehausen.de\/wp-content\/uploads\/2019\/10\/IMG_7602-2-225x300.jpg 225w, https:\/\/grundschule-gieboldehausen.de\/wp-content\/uploads\/2019\/10\/IMG_7602-2-768x1024.jpg 768w, https:\/\/grundschule-gieboldehausen.de\/wp-content\/uploads\/2019\/10\/IMG_7602-2-800x1067.jpg 800w\" sizes=\"auto, (max-width: 700px) 100vw, 700px\" \/><\/figure><div class=\"wp-block-media-text__content\">\n<p>Wir sind eine inklusive offene Ganztagsgrundschule der Samtgemeinde Gieboldehausen im s\u00fcdlichen Niedersachsen.<\/p>\n\n\n\n<p>190 Kinder der Orte Gieboldehausen und Wollbrandshausen besuchen unsere Schule in 10 Schulklassen. Von 8.00 Uhr &#8211; 15.30 Uhr lernen, arbeiten, t\u00fcfteln und spielen unsere Sch\u00fclerinnen und Sch\u00fcler und werden dabei von 14 Lehrern, 6 p\u00e4dagogischen Mitarbeitern, unserer Sekret\u00e4rin, dem Hausmeister und 5 Reinigungskr\u00e4ften angeleitet und beim Lernen unterst\u00fctzt.<\/p>\n\n\n\n<p>Wir arbeiten in mulitprofessionellen Teams zusammen bestehend aus Lehrern, F\u00f6rderschullehrern, Erziehern und Schulbegleitungen . Eine enge Kooperation besteht mit der F\u00f6rderverein der Grundschule Gieboldehausen. N\u00e4here Informationen finden Sie dazu auf den Seiten des F\u00f6rdervereins hier auf unserer Homepage.<\/p>\n<\/div><\/div>\n","protected":false},"excerpt":{"rendered":"<p>Dies ist nur eine Kurzfassung der Seite&nbsp;\u201e\u00dcber\u201c.<\/p>\n","protected":false},"author":1,"featured_media":71,"parent":0,"menu_order":2,"comment_status":"closed","ping_status":"closed","template":"fullwidth.php","meta":{"_exactmetrics_skip_tracking":false,"_exactmetrics_sitenote_active":false,"_exactmetrics_sitenote_note":"","_exactmetrics_sitenote_category":0,"ngg_post_thumbnail":0,"footnotes":""},"class_list":["post-5","page","type-page","status-publish","has-post-thumbnail","hentry"],"aioseo_notices":[],"jetpack_sharing_enabled":false,"_links":{"self":[{"href":"https:\/\/grundschule-gieboldehausen.de\/index.php?rest_route=\/wp\/v2\/pages\/5","targetHints":{"allow":["GET"]}}],"collection":[{"href":"https:\/\/grundschule-gieboldehausen.de\/index.php?rest_route=\/wp\/v2\/pages"}],"about":[{"href":"https:\/\/grundschule-gieboldehausen.de\/index.php?rest_route=\/wp\/v2\/types\/page"}],"author":[{"embeddable":true,"href":"https:\/\/grundschule-gieboldehausen.de\/index.php?rest_route=\/wp\/v2\/users\/1"}],"replies":[{"embeddable":true,"href":"https:\/\/grundschule-gieboldehausen.de\/index.php?rest_route=%2Fwp%2Fv2%2Fcomments&post=5"}],"version-history":[{"count":16,"href":"https:\/\/grundschule-gieboldehausen.de\/index.php?rest_route=\/wp\/v2\/pages\/5\/revisions"}],"predecessor-version":[{"id":1317,"href":"https:\/\/grundschule-gieboldehausen.de\/index.php?rest_route=\/wp\/v2\/pages\/5\/revisions\/1317"}],"wp:featuredmedia":[{"embeddable":true,"href":"https:\/\/grundschule-gieboldehausen.de\/index.php?rest_route=\/"}],"wp:attachment":[{"href":"https:\/\/grundschule-gieboldehausen.de\/index.php?rest_route=%2Fwp%2Fv2%2Fmedia&parent=5"}],"curies":[{"name":"wp","href":"https:\/\/api.w.org\/{rel}","templated":true}]}}